). Let u = 28 + s. Suppose 2*k + 3*g - 19 = -1, 0 = 5*k - 4*g - 22. What is the highest common divisor of u and k?
6
Let y(r) = r**3 - 9*r**2 + 6*r + 10. Let x be ((-28)/(-21))/((-1)/(-6)). Let l be y(x). Let s = -2 - l. What is the greatest common divisor of s and 40?
4
Suppose 24 = 4*s - 20. What is the greatest common divisor of 33 and s?
11
Suppose 8*v - 213 - 67 = 0. What is the highest common factor of v and 245?
35
Let t(v) = v**3 - 2*v**2 + v + 2. Let g be 4*(0 - -1) - 2. Let k be t(g). Let h be (-2)/(((-16)/34)/k). Calculate the greatest common divisor of h and 68.
17
Let w be (-1824)/(-60)*5/2. Calculate the greatest common factor of 19 and w.
19
Let y(l) = -3*l - 3 - 1 + 26*l. Suppose 0 = -5*h - 3*r + 34, -14 - 6 = -3*h - 2*r. Let p be y(h). Calculate the highest common factor of 20 and p.
20
Let x(c) be the third derivative of -c**6/120 + c**5/12 + c**4/8 + 5*c**3/6 - 4*c**2. Let u be x(4). What is the highest common factor of 11 and u?
11
Let a(l) = -l**3 - 3*l**2 + 6*l + 1. Let b be a(-4). Let c = b + 31. What is the highest common divisor of 16 and c?
8
Let y be ((-4)/5)/(1/5). Let k(w) = -2*w**3 - 3*w**2 - w - 4. Let q be k(y). Let f be 8/2 - (-2 - 10). What is the highest common divisor of q and f?
16
Let g(w) = w**3 + 2*w**2 - 3*w + 4. Let m be g(-3). Suppose 0 = -2*n + m*n - 28. Calculate the highest common divisor of n and 35.
7
Suppose 11*p = -7*p + 486. Suppose 2*z + 3*r = 9, -3*z - r + 21 = r. Calculate the highest common factor of z and p.
9
Let y be -1*18*(7 - 159/6). What is the highest common divisor of 13 and y?
13
Let g = 520 + -367. Calculate the highest common divisor of 9 and g.
9
Let r = 29 + -27. What is the highest common divisor of 6 and r?
2
Suppose 1 = m - 4. Let v = m + 8. Suppose 8*z - 20*z + 1560 = 0. What is the greatest common divisor of v and z?
13
Suppose 6*u - 96 + 6 = 0. Suppose -c + 8 = -2. Calculate the greatest common divisor of c and u.
5
Let m = 53 + 109. Calculate the highest common factor of 18 and m.
18
Let k be -4*109/(-4)*1. Let f be k - 2/(4/2). Let z(s) = -3*s - 6. Let d be z(-6). What is the greatest common divisor of f and d?
12
Let h(j) = 4*j - 8. Let w be h(30). Let m be ((-28)/(-10))/(2/10). What is the highest common divisor of m and w?
14
Let a(b) = -b + 12. Suppose 14 = l + 6. Let y be a(l). Let d = 86 - 50. What is the greatest common divisor of d and y?
4
Suppose 3*z - 45 = -2*z. Let g be (51/z)/((-4)/(-12)). Calculate the greatest common divisor of 68 and g.
17
Let z be 3 + (0 + 1 - -56). Calculate the highest common divisor of 24 and z.
12
Let h(k) = -4*k**2 + 51*k + 23. Let w be h(13). Let v be (-1536)/(-14) + 4/14. What is the highest common divisor of w and v?
10
Suppose 4*n = -0*n. Suppose 5*g + 3*x - 7 = n, 2*g + 0*x - 3 = -x. Let f(l) = l**2 - 4*l + 8. Let q be f(4). Calculate the highest common divisor of q and g.
2
Suppose 57 = 2*k - 13. Calculate the greatest common factor of k and 5.
5
Let m(d) = -11*d - 10. Let g be m(-8). Let j = 8 + 44. Calculate the greatest common divisor of j and g.
26
Let d(h) = -h**3 - 7*h**2 + 6*h - 6. Let q be d(-8). Calculate the highest common factor of 80 and q.
10
Suppose 0 = 4*f - 4*a - 72, 0 = 4*f + 4*a - 5 - 35. Calculate the highest common divisor of 28 and f.
14
Suppose 3*c = 2*k + 18, c - 3*k = 4 - 5. Let f = 56 + c. Suppose 7*n + 33 = 89. What is the greatest common factor of n and f?
8
Suppose 4*q - 2*x = 10 + 18, -5*x = 0. What is the highest common factor of 21 and q?
7
Suppose -w = -7 - 4. Suppose 3*n - 2*n - 13 = 0. Let r be (-12)/78 + 1003/n. Calculate the highest common divisor of r and w.
11
Suppose -3*k = -o + 127, -4*k + 2*k = -4*o + 458. Suppose -2*g - 3*g + 80 = 0. What is the highest common divisor of g and o?
16
Suppose 1 + 17 = a. Suppose 6*p - 112 = -p. Suppose 4 = -14*w + p*w. Calculate the greatest common factor of w and a.
2
Let t = 8 + 4. Calculate the highest common factor of 132 and t.
12
Let p(t) = -t**3 - 20*t**2 + 9. Let g be p(-20). What is the greatest common factor of g and 99?
9
Let l(u) = -u**3 + u**2 - u. Let n be l(0). Suppose n = -2*r - 3*r + 15. Calculate the greatest common divisor of 21 and r.
3
Let r(i) be the third derivative of i**5/60 - i**4/24 + 8*i**3/3 - 4*i**2. Let q be r(0). Calculate the highest common factor of q and 64.
16
Let t(b) = 6*b**2 - 5*b - 7. Let w be t(-5). Calculate the greatest common divisor of 56 and w.
56
Let m(p) = p**3 - 4*p**2 - 8*p + 11. Let u be m(5). Let w = u + 10. Calculate the highest common divisor of 66 and w.
6
Let r(l) = l**2 + 4*l. Let y be r(-4). Suppose 5*u + 0*u - 120 = y. Calculate the highest common divisor of u and 12.
12
Let r be (9/15)/(4/20). Suppose -5*y - 35 = -5*c, 0*y - 41 = -r*c - y. What is the greatest common factor of 84 and c?
12
Suppose 4*n - 10 = 3*s - 2*s, -s = 5*n - 8. Suppose -204 = -3*a - 2*x + 122, -n*a + 214 = -2*x. Calculate the greatest common divisor of 12 and a.
12
Suppose -3*l + 2 = -10. Calculate the highest common factor of l and 2.
2
Let l be 81/(-3)*(-60)/9. What is the highest common factor of 72 and l?
36
Let o be (3/5)/((-2)/(-20))*1. What is the greatest common factor of o and 2?
2
Let r be 7 + -8 - (1 + -3). Calculate the highest common factor of r and 8.
1
Suppose q - 44 = -r, 5*r + 20 = r. What is the greatest common factor of 14 and q?
7
Suppose 10 = -4*p + 5*p. Let y(k) = k + 12. Let r be y(-6). Let q = r + -1. Calculate the greatest common factor of q and p.
5
Let d(o) = -37*o**3 + 3*o + 1. Let g be d(-2). Let m = g - 158. Calculate the greatest common divisor of 19 and m.
19
Let g be 131/4 - 24/32. What is the greatest common divisor of 352 and g?
32
Let a = -21 + 26. Calculate the highest common divisor of 40 and a.
5
Suppose -4*a = 2*j - 74, -18 = -a + 5*j + 6. What is the highest common divisor of a and 114?
19
Let l be -3 + 2 - (-18)/2. What is the greatest common factor of l and 48?
8
Let w(y) = y**2 + 3*y - 38. Let o be w(8). What is the highest common divisor of o and 50?
50
Suppose 3*g - 2*m - 3*m = 30, 5*g - m = 50. Let s = 1 + -1. Suppose 2*k = -s*k + g. Calculate the greatest common factor of 5 and k.
5
Suppose 3*n + l = -2*n + 168, 0 = -n - 2*l + 39. Let h = -2 - -5. Calculate the greatest common divisor of n and h.
3
Let a = 41 + -27. Let o be -2 + (2 + -48)/(-2). Calculate the greatest common factor of a and o.
7
Suppose 11 = 2*p - 7. What is the highest common divisor of 72 and p?
9
Let p be 3 - 38/(0 + -2). Let w be 158/p + 4/(-22). Calculate the highest common factor of 28 and w.
7
Let o(z) = -3*z - 4. Let n be o(-3). Suppose -10*h + 14*h - 40 = 0. What is the greatest common divisor of n and h?
5
Let f = 0 + 2. Suppose 0*a + 3*a = 363. Suppose f*b + 2*t = 44, 4*b = 4*t + a - 33. What is the greatest common factor of 33 and b?
11
Let j(k) = -4*k - 3. Let d be j(-3). Let l = 15 - d. Calculate the highest common factor of l and 42.
6
Let z(y) = -y**3 - 10*y**2 - 10*y + 6. Let p be z(-9). Suppose -31 = -3*i - 5*g + 29, i + 5*g = 30. Calculate the greatest common factor of i and p.
15
Suppose 0 = 5*d - 32 + 7. Let g = -61 - -38. Let u = g - -48. Calculate the greatest common divisor of u and d.
5
Let y(o) = -1. Let x(j) = -3*j**2 - 4*j - 9. Let g(b) = -x(b) + 6*y(b). Let k be g(-3). What is the highest common divisor of k and 12?
6
Let o = 3 - -186. Let c(a) be the first derivative of a**4/4 - 4*a**3/3 - a**2 + 6*a + 2. Let s be c(5). Calculate the highest common factor of s and o.
21
Suppose 5*f - 2*f + 2*g - 66 = 0, -2*g = f - 18. What is the greatest common factor of 120 and f?
24
Let k be (52/3)/((-6)/(-36)). Let p(t) = t**3 - 9*t**2 + 8*t. Let c be p(8). Suppose 0 = 2*s - c*s - 26. Calculate the highest common divisor of s and k.
13
Let y = 9 + -8. Calculate the greatest common divisor of 2 and y.
1
Suppose 5 = 4*n - 7. What is the greatest common divisor of 15 and n?
3
Let r(l) be the third derivative of l**5/30 - l**4/6 + 2*l**3/3 - 7*l**2. Let z be r(4). Calculate the highest common factor of z and 8.
4
Let n(p) = 2*p - 2. Let q be n(4). Calculate the highest common factor of 15 and q.
3
Suppose 3*s = 2*i - 11 - 73, 32 = i + s. Calculate the greatest common divisor of 12 and i.
12
Let k(g) = -2*g**3 - 2*g + 1. Let z be k(1). Suppose i + 2 - 20 = 0. Let w be i*z/(-6)*1. Calculate t